312?
-13210
In base 2, what is 100 - 110001111101101101?
-110001111101101001
In base 10, what is -11 + 12238?
12227
In base 3, what is 1 - -2110220?
2110221
In base 13, what is 18c + 2a?
1b9
In base 4, what is -1100322 - 2023?
-1103011
In base 10, what is -12222 - -104?
-12118
In base 14, what is -4 - 53ad?
-53b3
In base 4, what is -2010231 + -22130?
-2033021
In base 16, what is 2e42 - 5?
2e3d
In base 13, what is -14 + 5a22?
5a0b
In base 16, what is -9 - 12e?
-137
In base 12, what is 3 + 56311?
56314
In base 2, what is 101 - -11001010011101111?
11001010011110100
In base 5, what is 14233 + 3100?
22333
In base 7, what is 563 - -43?
636
In base 13, what is 124 + 230?
354
In base 11, what is -2 - a3a7?
-a3a9
In base 13, what is -96 + 6655?
658c
In base 16, what is 4d + -11?
3c
In base 16, what is 435 - 334?
101
In base 5, what is 324 - 10233?
-4404
In base 13, what is -3 + -2985a?
-29860
In base 16, what is -d - -1a42f?
1a422
In base 4, what is -11 - 320322230?
-320322301
In base 2, what is -10 - 1111011100001110010?
-1111011100001110100
In base 9, what is 184786 - -4?
184801
In base 9, what is 2 - -255884?
255886
In base 5, what is -2030314 - 22?
-2030341
In base 15, what is ccc3 + 5?
ccc8
In base 2, what is 100010 - 1?
100001
In base 6, what is 103500 + -14?
103442
In base 14, what is -1 + -63945?
-63946
In base 16, what is 6 - -22f2f?
22f35
In base 8, what is -66 - 213677?
-213765
In base 4, what is 1 + 110133211?
110133212
In base 5, what is -42204 - 101?
-42310
In base 5, what is -11413 - -1?
-11412
In base 14, what is 15 + -b0413?
-b03dc
In base 2, what is -1001110110011101 - -1110?
-1001110110001111
In base 6, what is 2545 - -5331?
12320
In base 13, what is 661a83 - 1?
661a82
In base 3, what is 2000112002202 + 2?
2000112002211
In base 15, what is -15 - -3b657?
3b642
In base 13, what is 43068 - 4?
43064
In base 13, what is -c6 - 347?
-440
In base 14, what is 489 - 322?
167
In base 3, what is -20200 + -2001020?
-2021220
In base 2, what is 101001010100 - 1001100?
101000001000
In base 11, what is 0 + 1702?
1702
In base 4, what is 2222 + -10023211?
-10020323
In base 15, what is 4040d + 0?
4040d
In base 5, what is -33 - -14122?
14034
In base 16, what is 3 - 101c?
-1019
In base 5, what is -1 - -300114?
300113
In base 7, what is 11460305 - 5?
11460300
In base 13, what is -18b79 + -11?
-18b8a
In base 8, what is 4455 - 4663?
-206
In base 2, what is 1 - -1001001010010010?
1001001010010011
In base 9, what is -410 - 25765?
-26275
In base 2, what is 110000100 - -1010101000?
10000101100
In base 13, what is 0 + -8c90?
-8c90
In base 15, what is 4 - 104a0?
-1049b
In base 14, what is 984d3 - 4?
984cd
In base 14, what is -1 + 45d2?
45d1
In base 13, what is 268 + -39?
22c
In base 13, what is -c6a6c5 - 3?
-c6a6c8
In base 13, what is 314 - ac3?
-7ac
In base 6, what is -122231 - -10?
-122221
In base 11, what is 423a0 + 5?
423a5
In base 6, what is -5 + -2051532?
-2051541
In base 5, what is -14 - -11430214?
11430200
In base 15, what is -7 + 1150c1?
1150b9
In base 7, what is -132452 - -36?
-132413
In base 3, what is 11 - -1000222200202?
1000222200220
In base 9, what is 80284 + 4?
80288
In base 9, what is 366405 + -6?
366388
In base 14, what is 1 + 12195?
12196
In base 14, what is 3da + -112?
2c8
In base 13, what is 97771 - 4?
9776a
In base 2, what is -1000100110010 + 1001?
-1000100101001
In base 11, what is -1aa6 + -18?
-2013
In base 7, what is 32 - -3662?
4024
In base 14, what is -b4608 + -2?
-b460a
In base 2, what is 100010110 - -1010101111001?
1011010001111
In base 11, what is -4 - -35a349?
35a345
In base 3, what is -112 + 220201000001?
220200222112
In base 14, what is -1 + -53714?
-53715
In base 7, what is -1410 - -220?
-1160
In base 2, what is 1010010 - -10011101010100?
10011110100110
In base 7, what is -41 + 423524?
423453
In base 2, what is -100011110001 + 1000?
-100011101001
In base 11, what is -456a5 + -20?
-45715
In base 15, what is -3 - -4c6a?
4c67
In base 13, what is -58 - 808?
-863
In base 13, what is -20b91 - -5?
-20b89
In base 10, what is 161 + -3877?
-3716
In base 7, what is -43 + 13536?
13463
In base 8, what is 635760 - -1?
635761
In base 11, what is -4 - 39a032?
-39a036
In base 16, what is 3ead9 - 5?
3ead4
In base 9, what is -18740 + -50?
-18800
In base 15, what is 11541 - -13?
11554
In base 9, what is -2 - -120351?
120348
In base 10, what is -3579978 + 0?
-3579978
In base 5, what is -31210004 - 10?
-31210014
In base 7, what is -66 + -12635?
-13034
In base 2, what is 11100011001 - -1010?
11100100011
In base 10, what is 5290383 + 0?
5290383
In base 15, what is -3 + 16c8e?
16c8b
In base 7, what is -101116 + 5?
-101111
In base 12, what is -bb15 + 3?
-bb12
In base 2, what is -100 - 101110100000101101?
-101110100000110001
In base 5, what is -3 - 32223044?
-32223102
In base 9, what is 17 - -15512?
15530
In base 13, what is -638 + -4?
-63c
In base 15, what is -4 + 2ac8a?
2ac86
In base 9, what is 14 + -1208?
-1184
In base 16, what is 9 + 62?
6b
In base 9, what is 3 + 3802?
3805
In base 15, what is -1088 + 8c?
-eeb
In base 8, what is -3572 - 33?
-3625
In base 5, what is -1 - -11224330?
11224324
In base 3, what is -222110 - 100022012?
-101021122
In base 12, what is 45a6 + -a4?
4502
In base 11, what is 13146 + 2?
13148
In base 15, what is 25c08 + -7?
25c01
In base 2, what is -1000101000111011 + -10100?
-1000101001001111
In base 16, what is -2871 - 3?
-2874
In base 14, what is -5 - -212c1?
212ba
In base 14, what is -7 + -202d1?
-202d8
In base 7, what is 34 - 2621?
-2554
In base 10, what is -2 + -40112?
-40114
In base 7, what is -2346 - -244?
-2102
In base 13, what is 3c35b + -5?
3c356
In base 8, what is -725076 + 1?
-725075
In base 12, what is 17 + -228b8?
-228a1
In base 4, what is 113132 - 1121?
112011
In base 10, what is 204928 + 6?
204934
In base 5, what is -3241342 + 112?
-3241230
In base 9, what is -18 - 70153?
-70172
In base 2, what is 11 + 100011110011001100?
100011110011001111
In base 5, what is 13214424 + -13?
13214411
In base 11, what is 1836 - -90?
1916
In base 15, what is -55 - -38?
-1c
In base 12, what is -1bb921 - 4?
-1bb925
In base 8, what is 22 - -205?
227
In base 16, what is c0 + -25b?
-19b
In base 12, what is -8 + 153944?
153938
In base 12, what is -111422 + -4?
-111426
In base 11, what is -132 + 5aa?
478
In base 14, what is -15892 - -74?
-1581c
In base 4, what is -23211 - 131?
-30002
In base 4, what is 122 + 3101203?
3101331
In base 9, what is 258 + -2121?
-1752
In base 5, what is 20 + -43024003?
-43023433
In base 5, what is 4 - -3141434?
3141443
In base 4, what is 111301 + 12?
111313
In base 6, what is -2 - -5505223?
5505221
In base 16, what is 116 - 155?
-3f
In base 16, what is -a7 - -c8?
21
In base 3, what is 1201000 + 111222?
2012222
In base 13, what is 9a0 + -b?
992
In base 12, what is -391 + -151?
-522
In base 13, what is -104 + -25?
-129
In base 15, what is 9a091 - -1?
9a092
In base 7, what is 6261 - 551?
5410
In base 15, what is 3 + 577cc?
577d0
In base 8, what is 40032125 + 1?
40032126
In base 12, what is -2939 + -4?
-2941
In base 11, what is 7009 + 15?
7023
In base 12, what is 12632 - 87?
12567
In base 3, what is -202200 - -222012?
12112
In base 13, what is 5 + -833b?
-8336
In base 13, what is -8b74 - 2?
-8b76
In base 6, what is 303 - -13225?
13532
In base 9, what is 45 + 68?
124
In base 14, what is 8 - -a5351?
a5359
In base 2, what is 10111101000100 - -1100?
10111101010000
In base 3, what is -1 + 21112221?
21112220
In base 16, what is a + -192f?
-1925
In base 16, what is -20 - 729?
-749
In base 11, what is -6225 - -1?
-6224
In base 4, what is -1223 + 213111?
211222
In base 15, what is -3 - -6bab7?
6bab4
In base 16, what is -1 + -1a43a?
-1a43b
In base 9, what is -187 + -48140?
-48337
In base 3, what is -1 - 21020112022?
-21020112100
In base 11, what is -11 - -4a089?
4a078
In base 7, what is 204 - 634?
-430
In base 2, what is 10000010000111111 - -10?
10000010001000001
In base 15, what is 1 - -4525?
4526
In base 11, what is 13 + 816a8?
81710
In base 10, what is -20726 + -1?
-20727
In base 10, what is -2167 - -691?
-1476
In base 16, what is -364 - -ef?
-275
In base 13, what is 4820a - -28?
48235
In base 8, what is -215110 - -7?
-215101
In base 2, what is 1110101 - -11010001?
101000110
In base 13, what is -13 - -345?
332
In base 3,